 = m**2 + 2*m - 174. What is u(-14)?
-6
Let w(g) = 2*g - 16. Determine w(5).
-6
Let q(s) = 10*s + 215. Calculate q(-22).
-5
Let h(y) = 6*y**2 - 22*y + 5. What is h(4)?
13
Let y(a) = a - 12. Give y(3).
-9
Let i(w) = -w - 2. Calculate i(5).
-7
Let z(a) = 2*a**2 - 9*a + 6. Give z(5).
11
Let n(o) = -11*o - 12. Determine n(-9).
87
Let o(r) = -24*r**2 + r. Determine o(-1).
-25
Let i(g) = g**3 + 5*g**2 + 4*g + 9. Determine i(-4).
9
Let g(k) = k**3 + 4*k**2 - 3*k + 1. What is g(-5)?
-9
Let i(u) = 2*u - 4. Determine i(5).
6
Let p(j) = -j**2 + 16*j + 5. Calculate p(16).
5
Let f(w) = w**2 - 7*w - 9. Calculate f(11).
35
Let q(y) = y + 83. Give q(-28).
55
Let b(x) = x**3 - 6*x**2 - 2*x + 1. Give b(7).
36
Let m(v) = -v - 7. Give m(6).
-13
Let j(b) = -b**2 - 13*b - 3. Determine j(-11).
19
Let z(q) = q**2 + 8*q - 20. Give z(-9).
-11
Let w(l) = 5*l - 3. Determine w(8).
37
Let a(q) = -q**3 + 8*q**2 + 8*q + 13. Give a(9).
4
Let o(l) = -l**3 - l**2 + 2*l + 16. Determine o(0).
16
Let a(b) = -b**3 - 2*b**2 + 2*b + 1. Determine a(-2).
-3
Let j(m) = m**3 - 5*m**2 - 4*m + 6. What is j(6)?
18
Let a(f) = 17*f - 2. Give a(-3).
-53
Let f(a) = -a**3 + 10*a**2 - 23*a - 10. Give f(6).
-4
Let j(h) = -h**2 - 5*h - 8. Calculate j(6).
-74
Let y(w) = -w**3 - 10*w**2 + 12*w + 10. Calculate y(-11).
-1
Let v(i) = i**3 + 4*i**2 - 7*i + 8. What is v(-6)?
-22
Let s(q) = q**2 + 6*q - 20. Determine s(-8).
-4
Let d(o) = o**3 + 25*o**2 - 3*o - 57. Calculate d(-25).
18
Let l(u) = -u**2 - 6*u + 78. Give l(-12).
6
Let q(u) = -u**2 + 3*u + 120. Give q(0).
120
Let t(h) = h**3 + 7*h**2 + 6*h - 4. Calculate t(-6).
-4
Let l(g) = -g**3 - 13*g**2 + 13*g - 6. What is l(-14)?
8
Let v(n) = 3*n**2 - 10*n - 84. Calculate v(7).
-7
Let j(t) = -t**2 + 11*t + 18. What is j(12)?
6
Let w(a) = -9*a**3 + 2*a**2 + 2*a. What is w(-1)?
9
Let r(b) = -b**3 - 2*b**2 + 7*b + 9. Calculate r(-4).
13
Let a(z) = -z**3 + 32*z**2 - 33*z + 35. Give a(31).
-27
Let t(g) = g**3 - 17*g**2 + 19*g - 13. Determine t(16).
35
Let a(c) = c**3 + c**2 - 3. What is a(-3)?
-21
Let y(d) = -d**3 + 39*d**2 - 105*d - 107. Give y(36).
1
Let u(y) = -3*y**3 - 3*y**2 + 2*y. Calculate u(1).
-4
Let y(k) = -74*k + 157. Determine y(2).
9
Let d(j) = 7*j + 26. Calculate d(-10).
-44
Let y(k) = -k**3 + 11*k**2 - 6. Give y(11).
-6
Let c(w) = 8*w - 13. What is c(10)?
67
Let i(x) = x**3 - 36*x**2 + 37*x - 58. Determine i(35).
12
Let a(b) = 5*b**2 - 2*b - 1. What is a(-1)?
6
Let p(s) = -2*s**2 + 34. Determine p(-7).
-64
Let y(u) = 2*u - 9. Calculate y(13).
17
Let q(b) = b**3 + 7*b**2 - b - 62. Give q(-5).
-7
Let m(t) = t**3 + 3*t**2 + 8*t + 1. Determine m(-2).
-11
Let i(d) = -8*d + 16. Give i(3).
-8
Let a(u) = -u**3 + 10*u**2 - 9*u + 7. Calculate a(9).
7
Let a(u) = u**3 - 6*u**2 + 9*u - 28. Calculate a(7).
84
Let q(p) = -p**2 + 3*p + 249. Determine q(-14).
11
Let a(z) = -2*z**3 - 4*z**2 - 2*z + 1. What is a(-3)?
25
Let t(p) = -4*p - 4. Determine t(-3).
8
Let u(s) = -2*s**2 - 39*s - 192. Calculate u(-9).
-3
Let i(k) = -k**3 + 11*k**2 - 21*k + 20. What is i(9)?
-7
Let n(h) = -h**3 - 21*h**2 + 46*h + 3. Calculate n(-23).
3
Let a(s) = 2*s**2 + 2*s - 2. Determine a(4).
38
Let o(i) = 2*i**3 + i**2. What is o(1)?
3
Let a(n) = -6*n + 10. Calculate a(2).
-2
Let y(k) = -k + 5. What is y(-4)?
9
Let k(w) = w**3 + w**2 - 2*w + 1. What is k(-2)?
1
Let y(v) = 34*v - 6. What is y(1)?
28
Let z(n) = 2*n**2 + 14*n + 19. Calculate z(-11).
107
Let g(o) = o - 5. Calculate g(-3).
-8
Let m(i) = -31*i. Calculate m(-1).
31
Let q(u) = -12*u**3 - u**2 + u + 2. Give q(-2).
92
Let x(g) = -g**3 + 9*g**2 - 3*g + 24. Give x(9).
-3
Let u(b) = b**3 + 9*b**2 + 9*b + 3. Calculate u(-8).
-5
Let h(y) = y**3 - 9*y**2 + 9*y - 5. What is h(8)?
3
Let l(n) = 15*n + 84. Determine l(-6).
-6
Let d(g) = -g**3 - 16*g**2 + 36*g + 1. Give d(-18).
1
Let j(t) = -3*t + 3. Give j(4).
-9
Let p(g) = g**2 - 2*g - 5. Calculate p(4).
3
Let k(f) = f**2 + 17*f + 71. Determine k(-12).
11
Let u(k) = k**3 - 14*k**2 - 37*k + 74. Give u(16).
-6
Let o(s) = -3*s + 40. What is o(12)?
4
Let i(y) = -y**3 - 12*y**2 - 7*y + 4. Give i(-11).
-40
Let j(t) = 13*t - 226. What is j(17)?
-5
Let a(f) = 2*f - 71. Determine a(34).
-3
Let w(q) = q**3 + 13*q**2 - 13*q + 8. Calculate w(-14).
-6
Let z(r) = 5*r**2 + 12*r + 6. Give z(-2).
2
Let y(c) = -c**2 - 8*c + 3. Calculate y(4).
-45
Let r(j) = j**3 - 5*j**2 - 4*j - 2. Give r(6).
10
Let j(k) = k**2 - 27*k + 186. What is j(13)?
4
Let i(u) = -u**2 + 43*u - 33. Calculate i(39).
123
Let d(a) = 2*a - 3. What is d(-13)?
-29
Let t(u) = u**3 - 14*u**2 - 2*u + 4. Give t(14).
-24
Let s(g) = -g**3 + 8. Give s(3).
-19
Let t(l) = l**3 + 14*l**2 + 10*l - 14. What is t(-13)?
25
Let w(v) = -v**2 + 6*v - 4. What is w(5)?
1
Let k(t) = -t**3 - 8*t**2 - 10*t - 17. Give k(-7).
4
Let p(u) = -u**2 - u + 45. Calculate p(0).
45
Let k(f) = 4*f - 7. Calculate k(-4).
-23
Let b(w) = w**3 + w**2 + w - 120. What is b(0)?
-120
Let c(n) = 10*n - 1. Give c(1).
9
Let r(g) = 6*g**3 + g**2 - 2*g - 1. Calculate r(2).
47
Let z(r) = r**2 + 8*r + 1. Give z(-4).
-15
Let t(p) = p**2 - 26*p + 19. Determine t(20).
-101
Let i(z) = -z**2 - 6*z + 4. Determine i(-5).
9
Let z(t) = t**3 + 14*t**2 - 3*t - 34. Calculate z(-14).
8
Let u(b) = -b**3 + 20*b**2 - 29. Determine u(20).
-29
Let x(r) = r**2 + 11*r - 12. Calculate x(-12).
0
Let i(j) = -j**2 - 66*j - 308. Determine i(-5).
-3
Let b(s) = -2*s + 4. Give b(8).
-12
Let p(x) = -5*x + 68. Give p(15).
-7
Let s(n) = n**2 - 8*n - 22. Calculate s(10).
-2
Let u(a) = -a**2 - 5*a - 3. What is u(-2)?
3
Let z(n) = n**3 - 25*n**2 + 22*n + 12. Calculate z(24).
-36
Let l(g) = -48*g + 2. What is l(1)?
-46
Let u(p) = 4*p - 3. Give u(2).
5
Let n(k) = -2*k**3 - 3*k**2 - k - 25. What is n(-4)?
59
Let f(i) = 3*i**2 + 5*i + 3. Calculate f(-4).
31
Let x(v) = 2*v**2 + 36. What is x(0)?
36
Let d(y) = y**3 - y**2 + 2*y - 11. What is d(0)?
-11
Let a(u) = -2*u**3 + u**2 - 2*u - 36. What is a(0)?
-36
Let c(b) = -b**3 + 13*b**2 - 3*b + 43. Give c(13).
4
Let s(u) = u**2 - 13*u + 9. Determine s(13).
9
Let r(a) = a**2 + 26. Calculate r(11).
147
Let l(k) = k**3 - 10*k**2 + 17*k - 3. What is l(2)?
-1
Let o(n) = -n**3 + 34*n**2 + 35*n - 25. What is o(35)?
-25
Let v(z) = -z - 7. Give v(-15).
8
Let h(q) = -2*q**3 - 10*q**2 - 7*q - 7. Give h(-4).
-11
Let l(m) = -m**3 - 6*m**2 + 20*m + 3. Determine l(-8).
-29
Let y(p) = p**3 - 10*p**2 - 7*p + 32. What is y(10)?
-38
Let q(t) = -4*t + 18. Give q(6).
-6
Let h(o) = -o**2 - 5*o - 6. What is h(-3)?
0
Let l(b) = 14*b**2 - b. What is l(-1)?
15
Let p(l) = -l**3 + 22*l**2 + 23*l - 3. Give p(23).
-3
Let t(q) = q**3 + 8*q**2 + 4*q + 12. Determine t(-8).
-20
Let y(m) = -4*m - 109. What is y(-28)?
3
Let h(r) = -r**3 - 7*r**2 - 2*r. Determine h(-7).
14
Let i(q) = -q**2 + 6*q - 7. What is i(3)?
2
Let r(s) = -43*s**2 + 1. Determine r(1).
-42
Let k(h) = -h**3 - 11*h**2 - 5*h + 5. Calculate k(-9).
-112
Let r(l) = 12*l**3 + l**2. What is r(1)?
13
Let w(b) = -b**2 + 8*b + 9. Calculate w(7).
16
Let f(u) = -u. What is f(-8)?
8
Let p(y) = -y**3 - 8*y**2 - 7*y + 3. What is p(-7)?
3
Let z(r) = 4*r + 2. Give z(5).
22
Let k(p) = -p**3 + 11*p**2 - 6*p - 9. What is k(11)?
-75
Let c(s) = -2*s**2 - 42*s + 301. Give c(6).
-23
Let m(b) = 13*b**2 - b - 2. What is m(-1)?
12
Let m(j) = -2*j**2 + 6*j + 22. Calculate m(5).
2
Let n(h) = 3*h**2 + 7*h - 15. Give n(3).
33
Let l(g) = g**2 - 30*g - 30. Give l(22).
-206
Let v(s) = -15*s**2 + 10*s - 3. Determine v(4).
-203
Let p(i) = 2*i + 22. What is p(-15)?
-8
Let l(o) = 12*o**2 - 3*o + 1. Determine l(1).
10
Let m(c) = c**3 + 18*c**2 + 31*c - 23. What is m(-16)?
-7
Let r(y) = -4*y - 38. What is r(-10)?
2
Let p(s) = -3*s**2 - 28*s - 29. Determine p(-9).
-20
Let d(s) = s**3 - 9*s**2 + 9*s + 10. Calculate d(7).
-25
Let d(g) = -5*g + 177. What is d(36)?
-3
Let k(v) = 4*v**2 + 31*v - 21. What is k(-8)?
-13
Let m(z) = z**3 + 6*z**2 + 3*z + 13. Calculate m(-6).
-5
Let f(u) = -9*u**2 + 109*u - 2. What is f(12)?
10
Let o(r) = -2*r**2 + 25*r + 196. Give o(18).
-2
Let f(g) = -19*g + 92. What is f(5)?
-3
Let l(f) = -f**2 + 3*f + 7. Give l(4).
3
Let y(t) = t**2 - 31*t + 80. What is y(28)?
-4
Let a(o) = -o**3 - 6*o**2 + 5*o + 15. What is a(-7)?
29
Let r(n) = -n + 14. Determine r(8).
6
Let d(m) = -2*m**3 + 20*m**2 - 2*m - 23. Determine d(10).
-43
Let b(q) = q**2 + 3*q - 5. Calculate b(5